{"id":8,"date":"2022-02-22T10:16:53","date_gmt":"2022-02-22T10:16:53","guid":{"rendered":"http:\/\/192.168.0.28\/?page_id=2"},"modified":"2026-01-26T10:59:06","modified_gmt":"2026-01-26T09:59:06","slug":"ez-egy-minta-oldal","status":"publish","type":"page","link":"https:\/\/motivacio.hu\/wordpress_G\/","title":{"rendered":"Bemutatkoz\u00e1s"},"content":{"rendered":"\r\n<div class=\"wp-block-group\"><div class=\"wp-block-group__inner-container is-layout-constrained wp-block-group-is-layout-constrained\">\r\n<p><img loading=\"lazy\" decoding=\"async\" class=\"alignnone size-medium wp-image-637\" src=\"https:\/\/motivacio.hu\/wordpress_G\/wp-content\/uploads\/2026\/01\/civil_dij-242x300.jpg\" alt=\"\" width=\"242\" height=\"300\" srcset=\"https:\/\/motivacio.hu\/wordpress_G\/wp-content\/uploads\/2026\/01\/civil_dij-242x300.jpg 242w, https:\/\/motivacio.hu\/wordpress_G\/wp-content\/uploads\/2026\/01\/civil_dij.jpg 517w\" sizes=\"auto, (max-width: 242px) 100vw, 242px\" \/><\/p>\r\n<p><a href=\"https:\/\/budapest.hu\/nyitott-budapest\/civil-szervezeteknek\/az-ev-fovarosi-civil-szervezete-dij\/motivacio-alapitvany?fbclid=IwY2xjawPkFTtleHRuA2FlbQIxMABicmlkETBQaWhCT3V5MjJ3dm9nckw4c3J0YwZhcHBfaWQQMjIyMDM5MTc4ODIwMDg5MgABHsVmJaAZ1AeN_Hw_Lngnj3of5R5hXwj0UoURlfNys19y-Mz6d4s-_QnVPGtQ_aem_iNYfadcQDtKEqdx1N3L9NA\" target=\"_blank\" rel=\"noopener\">Motiv\u00e1ci\u00f3 Alap\u00edtv\u00e1ny &#8211; &#8222;Az \u00c9v F\u0151v\u00e1rosi Civil Szervezete&#8221; d\u00edj jel\u00f6ltje.<\/a><\/p>\r\n<\/div>\r\n<figure class=\"wp-block-image size-large\">\r\n<div class=\"rightcol\" role=\"region\" aria-labelledby=\"aria-label-messagebody\">\r\n<div id=\"messagebody\">\r\n<div id=\"message-part1\" class=\"message-part\">\r\n<div class=\"pre\">K\u00e9rlek szavazz, l\u00e1jkold a posztot \u00e9s oszd!<\/div>\r\n<div>\u00a0<\/div>\r\n<div class=\"pre\"><a href=\"https:\/\/budapest.hu\/hirek\/2026\/01\/16\/egyre-tobb-megvaltozott-munkakepessegu-ember-szeretne-elhelyezkedni-a-munkaeropiacon-interju-gyorik-kingaval-a-motivacio-alapitvany-munkatarsaval?fbclid=IwY2xjawPkFXRleHRuA2FlbQIxMABicmlkETBQaWhCT3V5MjJ3dm9nckw4c3J0YwZhcHBfaWQQMjIyMDM5MTc4ODIwMDg5MgABHr97PbX3fc_qolW3sZGrpfU5h7vG-QCtqS_2-4rTn2WqBaVYP3RkBmmdwK9p_aem_mPF6THSobr1rzZSbNzbmJg\" target=\"_blank\" rel=\"noopener\">\u201eEgyre t\u00f6bb megv\u00e1ltozott munkak\u00e9pess\u00e9g\u0171 ember szeretne elhelyezkedni a munkaer\u0151piacon\u201d \u2013 Interj\u00fa Gy\u0151rik King\u00e1val, a Motiv\u00e1ci\u00f3 Alap\u00edtv\u00e1ny munkat\u00e1rs\u00e1val<\/a> <br \/><br \/>\u201eEgy szavazat = egy es\u00e9ly\u201d<br \/>Ha hiszel a befogad\u00f3 munkaer\u0151piacban, \ud83d\udc49 szavazz a Motiv\u00e1ci\u00f3 Alap\u00edtv\u00e1nyra.<\/div>\r\n<\/div>\r\n<\/div>\r\n<\/div><\/div>\r\n<img decoding=\"async\" class=\"wp-image-382\" src=\"http:\/\/wordpress.motivacio.hu\/wordpress\/wp-content\/uploads\/2023\/11\/szoc_munka_napja-1-724x1024.jpg\" alt=\"\" \/><\/figure>\r\n<p>&nbsp;<\/p>\r\n<figure class=\"wp-block-image size-large\"><strong>A Motiv\u00e1ci\u00f3 Alap\u00edtv\u00e1nyt<\/strong> Zalabai P\u00e9tern\u00e9 \u00e9s t\u00f6bb fogyat\u00e9kos emberekkel foglalkoz\u00f3 szervezet hozta l\u00e9tre <strong>1991-ben<\/strong>. Ekkor m\u00e9g a szervezet alig p\u00e1r munkat\u00e1rsat sz\u00e1ml\u00e1lt, \u00e9s tev\u00e9kenys\u00e9g\u00e9t egy m\u00e9g garzonlak\u00e1snak is csak j\u00f3indulattal nevezhet\u0151 helys\u00e9gben v\u00e9gezte.<\/figure>\r\n\r\n<p>&nbsp;<\/p>\r\n\r\n<p>&nbsp;<\/p>\r\n\r\n<p>A Koll\u00e9g\u00e1k <strong>a\u00a0\u00a0nemzetk\u00f6zi j\u00f3 gyakorlatok, \u00e9s m\u00f3dszertanok ismeret\u00e9ben<\/strong> hozz\u00e1l\u00e1ttak a fogyat\u00e9kos emberek \u00e9lethelyzet\u00e9nek, k\u00f6r\u00fclm\u00e9nyeinek, a szoci\u00e1lis h\u00e1l\u00f3 r\u00e1juk vonatkoz\u00f3 r\u00e9sz\u00e9nek <strong>vizsg\u00e1lat<\/strong>\u00e1hoz. Az \u00edgy szerzett inform\u00e1ci\u00f3k birtok\u00e1ban <strong>felvett\u00e9k a kapcsolatot<\/strong> a fogyat\u00e9kos emberekkel foglalkoz\u00f3 civil \u00e9s \u00e1llami szervezetekkel annak \u00e9rdek\u00e9ben, hogy c\u00e9lcsoportunk \u00e9rdekeit hat\u00e9konyan k\u00e9pviselj\u00e9k. Munkat\u00e1rsaink telefonon fogadt\u00e1k az \u00fcgyfelek h\u00edv\u00e1sait, akiknek <strong>inform\u00e1ci\u00f3t, szakmai tan\u00e1csot adtak<\/strong>, illetve <strong>diszkrimin\u00e1ci\u00f3 eset\u00e9n<\/strong> \u00fcgy\u00fckben <strong>elj\u00e1rtak<\/strong> az illet\u00e9kes szervekn\u00e9l.<\/p>\r\n\r\n<p>&nbsp;<\/p>\r\n\r\n<p>Az alakul\u00e1st k\u00f6vet\u0151 k\u00e9t \u00e9vben megalakult <strong>Szem\u00e9lyi Seg\u00edt\u0151 Szolg\u00e1lt<\/strong>unk (ma <a href=\"https:\/\/motivacio.hu\/wordpress_G\/index.php\/szemelyi-segites-es-szallitas\/\">T\u00e1mogat\u00f3 Szolg\u00e1lat<\/a>), melynek munkat\u00e1rsai Budapest eg\u00e9sz ter\u00fclet\u00e9n <strong>seg\u00edtik<\/strong> ma is <strong>otthonukban<\/strong> vagy <strong>\u00fcgyeik int\u00e9z\u00e9sben<\/strong> az arra jogosult <strong>fogyat\u00e9kos szem\u00e9lyeket<\/strong>, <strong>inform\u00e1ci\u00f3<\/strong>t adnak <strong>seg\u00e9deszk\u00f6z\u00f6k beszerz\u00e9s\u00e9r\u0151l<\/strong>, <strong>sz\u00e1ll\u00edtj\u00e1k \u00fcgyfeleinket speci\u00e1lisan \u00e1talak\u00edtott g\u00e9pj\u00e1rm\u0171veken<\/strong>. A szolg\u00e1ltat\u00e1s sor\u00e1n kialak\u00edtott m\u00f3dszertan sz\u00e1mos eleme \u00e9p\u00fclt be a k\u00e9s\u0151bbi T\u00e1mogat\u00f3 Szolg\u00e1latokkal kapcsolatos t\u00f6rv\u00e9nybe, szervezet\u00fcnk hossz\u00fa \u00e9vekig m\u00f3dszertani k\u00f6zpontk\u00e9nt seg\u00edtette az orsz\u00e1g m\u00e1s pontjain kialakul\u00f3 t\u00e1mogat\u00f3 szolg\u00e1latok l\u00e9trej\u00f6tt\u00e9t.<\/p>\r\n\r\n<p>&nbsp;<\/p>\r\n\r\n<p>Szint\u00e9n az egyik legr\u00e9gebbi &#8211; a\u00a0\u00a0szem\u00e9lyi seg\u00edt\u0151 szolg\u00e1lattal egy id\u0151ben alakult &#8211; szolg\u00e1ltat\u00e1sunk <strong>Munkaer\u0151-piaci Szolg\u00e1ltat\u00e1s<\/strong>unk (ma <a href=\"https:\/\/motivacio.hu\/wordpress_G\/index.php\/foglalkozasi-rehabilitacios-szolgaltatas\/\">Foglalkoz\u00e1si Rehabilit\u00e1ci\u00f3s Szolg\u00e1ltat\u00e1s<\/a>), ami a <strong>megv\u00e1ltozott munkak\u00e9pess\u00e9g\u0171, illetve fogyat\u00e9kos szem\u00e9lyek ny\u00edlt munkaer\u0151-piacon t\u00f6rt\u00e9n\u0151 elhelyezked\u00e9s\u00e9t seg\u00edti el\u0151<\/strong> <strong>a munkav\u00e1llal\u00f3 \u00e9s a munkav\u00e1llal\u00f3i oldal sz\u00e1m\u00e1ra ny\u00fajtott szolg\u00e1ltat\u00e1sain kereszt\u00fcl<\/strong>. A koll\u00e9g\u00e1k a munkak\u00f6zvet\u00edt\u00e9s mellett az \u00e9vek sor\u00e1n sz\u00e1mos elemmel b\u0151v\u00edtett\u00e9k ki a szolg\u00e1ltat\u00e1st az <strong>ig\u00e9nyeknek megfelel\u0151en<\/strong>, a munkav\u00e1llal\u00f3knak \u00e9s a munkaad\u00f3knak egyar\u00e1nt biztos\u00edtanak <strong>tr\u00e9ning<\/strong>eket, \u00e9s <strong>szem\u00e9lyes tan\u00e1csad\u00e1s<\/strong>t.<\/p>\r\n\r\n<p>&nbsp;<\/p>\r\n\r\n<p>Alap\u00edtv\u00e1nyunk harmadik Alappill\u00e9rek\u00e9nt szint\u00e9n kor\u00e1n j\u00f6tt l\u00e9tre az <strong><a href=\"https:\/\/motivacio.hu\/wordpress_G\/index.php\/akadalymentes-kornyezet\/\">Egyenl\u0151 Es\u00e9ly\u0171 Hozz\u00e1f\u00e9r\u00e9st Biztos\u00edt\u00f3 Akad\u00e1lymentes K\u00f6rnyezeti Tan\u00e1csad\u00e1s<\/a><\/strong>t biztos\u00edt\u00f3 programunk, melynek keret\u00e9ben szak\u00e9rt\u0151 koll\u00e9g\u00e1ink <strong>Zalabai P\u00e9tern\u00e9 vezet\u00e9s\u00e9vel<\/strong> <strong>felm\u00e9rik az akad\u00e1lymentess\u00e9gnek val\u00f3 megfelel\u00e9s szempontj\u00e1b\u00f3l a<\/strong> <strong>fogyat\u00e9kos emberek sz\u00e1m\u00e1ra fontos<\/strong> k\u00f6zint\u00e9zm\u00e9nyeket, k\u00f6zter\u00fcleteket, turisztikailag fontos, illetve &#8211; egy\u00e9ni felk\u00e9r\u00e9s alapj\u00e1n &#8211; egy\u00e9b <strong>objektumokat<\/strong>. A program sor\u00e1n m\u00e1ra t\u00f6bb t\u00edzezer objektum felmer\u00e9s\u00e9t v\u00e9gezt\u00e9k el a koll\u00e9g\u00e1k egy <strong>minden fogyat\u00e9koss\u00e1gi csoport sz\u00e1m\u00e1ra j\u00f3l alkalmazhat\u00f3 sztenderd lista<\/strong> alapj\u00e1n.<\/p>\r\n\r\n<p>&nbsp;<\/p>\r\n\r\n<p>A Foglalkoz\u00e1si Rehabilit\u00e1ci\u00f3s Szolg\u00e1ltat\u00e1sunk r\u00e9szek\u00e9nt alakult meg 2001-ben <strong>Fogyat\u00e9kos Fiatalok Re\/integr\u00e1ci\u00f3j\u00e1t Seg\u00edt\u0151 Szolg\u00e1latunk<\/strong> (r\u00f6viden: FFRISS), melynek keret\u00e9ben k\u00f6zoktat\u00e1si int\u00e9zm\u00e9nybe l\u00e1togatnak szervezeti egys\u00e9g\u00fcnk l\u00e1t\u00e1s, hall\u00e1s \u00e9s mozg\u00e1ss\u00e9r\u00fclt tagjai, hogy \u00fan. <strong>es\u00e9ly\u00f3r\u00e1k keret\u00e9ben bemutass\u00e1k a feln\u00f6vekv\u0151 gener\u00e1ci\u00f3nak a fogyat\u00e9kos emberek vil\u00e1g\u00e1t<\/strong>. Ezen k\u00edv\u00fcl e szervezeti egys\u00e9g koll\u00e9g\u00e1i partners\u00e9gben <strong>egy piacvezet\u0151 informatikai c\u00e9ggel egy\u00fctt t\u00e1mogatnak fogyat\u00e9kos fiatalokat tanulm\u00e1nyaikban.<\/strong><\/p>\r\n\r\n<p>&nbsp;<\/p>\r\n\r\n<p>2004-ben alakult meg <strong><a href=\"https:\/\/motivacio.hu\/wordpress_G\/index.php\/a-szolgaltatas-igenybevetelenek-feltetelei-3\/\">Jogseg\u00e9ly Szolg\u00e1lat<\/a><\/strong>unk, ami mag\u00e1ba foglalja az<strong> ingyenes jogi tan\u00e1csad\u00e1st megv\u00e1ltozott munkak\u00e9pess\u00e9g\u0171, eg\u00e9szs\u00e9gk\u00e1rosod\u00e1ssal \u00e9l\u0151, valamint fogyat\u00e9kos (l\u00e1t\u00e1s-, hall\u00e1s-, mozg\u00e1s-, \u00e9rtelmi, vagy ment\u00e1lisan s\u00e9r\u00fclt) emberek r\u00e9sz\u00e9re valamennyi jogter\u00fcleten.<\/strong><\/p>\r\n\r\n<p>&nbsp;<\/p>\r\n\r\n<p>2007-ben alakult meg legfrissebb szervezeti egys\u00e9g\u00fcnk a <strong><a href=\"https:\/\/motivacio.hu\/wordpress_G\/index.php\/fejlesztes\/\">Fejleszt\u00e9si csoport<\/a>.<\/strong> E szervezeti egys\u00e9g feladata a <strong>szervezeten bel\u00fcli \u00e9s k\u00edv\u00fcli egys\u00e9ges kommunik\u00e1ci\u00f3<\/strong> az \u00e1lland\u00f3 <strong>innov\u00e1ci\u00f3<\/strong> biztos\u00edt\u00e1sa, v\u00e1ltoz\u00e1smenedzsment, <strong>p\u00e1ly\u00e1zatfigyel\u00e9s \u00e9s \u00edr\u00e1s,<\/strong> \u00faj projektek menedzsel\u00e9se, a szervezet eg\u00e9sz\u00e9t \u00e9rint\u0151 <strong>pr \u00e9s marketing<\/strong> tev\u00e9kenys\u00e9g v\u00e9gz\u00e9se, valamint az \u00e1lland\u00f3 <strong>h\u00e1l\u00f3zat \u00e9s kapcsolat\u00e9p\u00edt\u00e9s<\/strong>.<\/p>\r\n\r\n<p>&nbsp;<\/p>\r\n\r\n<p>A szervezeti infrastrukt\u00fara fejl\u0151d\u00e9s\u00e9vel term\u00e9szetesen kin\u0151tt\u00fck a kis garzont \u00e9s el\u0151bb a V\u00e1ci \u00faton t\u00f6bb ingatlanban, majd 1996-ban a Henszlmann Imre utc\u00e1ba k\u00f6lt\u00f6z\u00f6tt az Alap\u00edtv\u00e1ny<strong>. Jelenlegi telephely\u00fcnk<\/strong>re a <strong>Honv\u00e9d utca <\/strong><strong>22<\/strong> al\u00e1 2007-be k\u00f6lt\u00f6zt\u00fcnk, ahol egy t\u00f6bb mint 400 m2-es <strong>akad\u00e1lymentes\u00edtett<\/strong> irod\u00e1ban, t\u00f6bb helys\u00e9gben \u00e9s egy kisebb \u00e9s nagyobb kiv\u00e1l\u00f3an\u00a0g\u00e9pes\u00edtett el\u0151ad\u00f3helys\u00e9gben v\u00e1rjuk \u00fcgyfeleinket.<\/p>\r\n\r\n<p>&nbsp;<\/p>\r\n\r\n<p>Koll\u00e9g\u00e1ink sz\u00e1ma is exponenci\u00e1lisan emelkedett az \u00e9vek sor\u00e1n. Az \u00faj szolg\u00e1ltat\u00e1sokba egyre t\u00f6bb szak\u00e9rt\u0151 koll\u00e9g\u00e1t vontunk be, jelenleg 56 \u00e1lland\u00f3 munkat\u00e1rssal dolgozunk, akik t\u00f6bbs\u00e9g\u00fckben fels\u0151fok\u00fa iskolai v\u00e9gzetts\u00e9ggel rendelkeznek (szoci\u00e1lis munk\u00e1sok, jog\u00e1szok, szociol\u00f3gusok). <strong>Alap\u00edtv\u00e1nyunk dolgoz\u00f3i k\u00f6z\u00fcl 16 megv\u00e1ltozott munkak\u00e9pess\u00e9g\u0171<\/strong> szem\u00e9ly, \u00edgy mi nem csakhogy hisz\u00fcnk az integr\u00e1lt foglalkoztat\u00e1sban, de 1991 \u00f3ta folyamatosan meg is val\u00f3s\u00edtjuk azt.<\/p>\r\n","protected":false},"excerpt":{"rendered":"<p>Motiv\u00e1ci\u00f3 Alap\u00edtv\u00e1ny &#8211; &#8222;Az \u00c9v F\u0151v\u00e1rosi Civil Szervezete&#8221; d\u00edj jel\u00f6ltje. K\u00e9rlek szavazz, l\u00e1jkold a posztot \u00e9s oszd! \u00a0 \u201eEgyre t\u00f6bb megv\u00e1ltozott munkak\u00e9pess\u00e9g\u0171 ember szeretne elhelyezkedni a munkaer\u0151piacon\u201d \u2013 Interj\u00fa Gy\u0151rik King\u00e1val, a Motiv\u00e1ci\u00f3 Alap\u00edtv\u00e1ny munkat\u00e1rs\u00e1val \u201eEgy szavazat = egy es\u00e9ly\u201dHa hiszel a befogad\u00f3 munkaer\u0151piacban, \ud83d\udc49 szavazz a Motiv\u00e1ci\u00f3 Alap\u00edtv\u00e1nyra. &nbsp; A Motiv\u00e1ci\u00f3 Alap\u00edtv\u00e1nyt Zalabai P\u00e9tern\u00e9 [&hellip;]<\/p>\n","protected":false},"author":1,"featured_media":416,"parent":0,"menu_order":0,"comment_status":"closed","ping_status":"closed","template":"","meta":{"footnotes":""},"class_list":["post-8","page","type-page","status-publish","has-post-thumbnail","hentry"],"_links":{"self":[{"href":"https:\/\/motivacio.hu\/wordpress_G\/wp-json\/wp\/v2\/pages\/8","targetHints":{"allow":["GET"]}}],"collection":[{"href":"https:\/\/motivacio.hu\/wordpress_G\/wp-json\/wp\/v2\/pages"}],"about":[{"href":"https:\/\/motivacio.hu\/wordpress_G\/wp-json\/wp\/v2\/types\/page"}],"author":[{"embeddable":true,"href":"https:\/\/motivacio.hu\/wordpress_G\/wp-json\/wp\/v2\/users\/1"}],"replies":[{"embeddable":true,"href":"https:\/\/motivacio.hu\/wordpress_G\/wp-json\/wp\/v2\/comments?post=8"}],"version-history":[{"count":9,"href":"https:\/\/motivacio.hu\/wordpress_G\/wp-json\/wp\/v2\/pages\/8\/revisions"}],"predecessor-version":[{"id":638,"href":"https:\/\/motivacio.hu\/wordpress_G\/wp-json\/wp\/v2\/pages\/8\/revisions\/638"}],"wp:featuredmedia":[{"embeddable":true,"href":"https:\/\/motivacio.hu\/wordpress_G\/wp-json\/wp\/v2\/media\/416"}],"wp:attachment":[{"href":"https:\/\/motivacio.hu\/wordpress_G\/wp-json\/wp\/v2\/media?parent=8"}],"curies":[{"name":"wp","href":"https:\/\/api.w.org\/{rel}","templated":true}]}}