{"id":39,"date":"2022-02-23T12:01:05","date_gmt":"2022-02-23T12:01:05","guid":{"rendered":"http:\/\/192.168.0.28\/?page_id=39"},"modified":"2022-02-23T12:01:05","modified_gmt":"2022-02-23T12:01:05","slug":"a-szolgaltatas-igenybevetelenek-feltetelei","status":"publish","type":"page","link":"https:\/\/motivacio.hu\/wordpress_G\/a-szolgaltatas-igenybevetelenek-feltetelei\/","title":{"rendered":"A szolg\u00e1ltat\u00e1s ig\u00e9nybev\u00e9tel\u00e9nek felt\u00e9telei"},"content":{"rendered":"\n<p><strong>Szak\u00e9rt\u0151 koll\u00e9g\u00e1ink<\/strong> \u2013 az egy\u00e9ni ig\u00e9nyekhez <strong>igazod\u00f3 d\u00edjaz\u00e1s<\/strong> ellen\u00e9ben \u2013 felm\u00e9r\u00e9seket v\u00e9geznek <strong>b\u00e1rmely objektumon<\/strong>, az orsz\u00e1g b\u00e1rmely pontj\u00e1n.&nbsp;<\/p>\n\n\n\n<p><strong>Programunk keret\u00e9ben a k\u00f6vetkez\u0151 szolg\u00e1ltat\u00e1sokat ny\u00fajtjuk<\/strong><\/p>\n\n\n\n<ul class=\"wp-block-list\"><li>A munk\u00e1k elv\u00e9gz\u00e9s\u00e9re l\u00e9trehoztunk egy team-et, mely \u00e9p\u00edt\u00e9szekb\u0151l \u00e9s rehabilit\u00e1ci\u00f3s szakm\u00e9rn\u00f6k\u00f6kb\u0151l \u00e1ll.<\/li><li>Tapasztalatainkra alapul\u00f3 hat\u00e9kony m\u00f3dszerrel <strong>vizsg\u00e1ljuk az adott objektumot a mozg\u00e1s-, l\u00e1t\u00e1s-, \u00e9rtelmi-, hall\u00e1ss\u00e9r\u00fcltek szempontj\u00e1b\u00f3l<\/strong>.<\/li><li>Felt\u00e9rk\u00e9pezi \u00e9s dokument\u00e1lja az objektum \u00e9s k\u00f6rnyezete megk\u00f6zel\u00edthet\u0151s\u00e9g\u00e9t.<\/li><li>Az adotts\u00e1gok \u00e9s a sz\u00fcks\u00e9gletek figyelembev\u00e9tel\u00e9vel javaslatot tesz az \u00e9p\u00edt\u00e9szeti megold\u00e1sokra.<\/li><li>A felm\u00e9r\u00e9sr\u0151l, a tapasztalatokr\u00f3l \u00e9s a javaslatokr\u00f3l \u00e1tfog\u00f3 tanulm\u00e1nyt k\u00e9sz\u00edt.<\/li><li>Megval\u00f3s\u00edt\u00e1s tervezhet\u0151s\u00e9ge \u00e9rdek\u00e9ben k\u00f6lts\u00e9gbecsl\u00e9st \u00e9s terveket is k\u00e9sz\u00edt.<\/li><\/ul>\n\n\n\n<p><strong>Mit vizsg\u00e1lunk a felm\u00e9r\u00e9skor?<\/strong><\/p>\n\n\n\n<ul class=\"wp-block-list\"><li>Az \u00e9p\u00fclet k\u00fcls\u0151 megk\u00f6zel\u00edt\u00e9se.<\/li><li>Bejut\u00e1s az \u00e9p\u00fcletbe.<\/li><li>Az \u00e9p\u00fcleten bel\u00fcli v\u00edzszintes \u00e9s f\u00fcgg\u0151leges akad\u00e1lytalan halad\u00e1s.<\/li><li>A k\u00fcl\u00f6nb\u00f6z\u0151 helys\u00e9gek haszn\u00e1lhat\u00f3s\u00e1ga.<\/li><li>A berendez\u00e9si t\u00e1rgyak haszn\u00e1lata.<\/li><li>A kommunik\u00e1ci\u00f3 akad\u00e1lytalans\u00e1ga (l\u00e1t\u00e1s- \u00e9s hall\u00e1ss\u00e9r\u00fcltek eligazod\u00e1sa).<\/li><\/ul>\n\n\n\n<p>A szolg\u00e1ltat\u00e1s megrendel\u00e9se e-mailben, vagy telefonon a +36(1) 317-44-17 sz\u00e1mon a 28-as mell\u00e9ken<\/p>\n","protected":false},"excerpt":{"rendered":"<p>Szak\u00e9rt\u0151 koll\u00e9g\u00e1ink \u2013 az egy\u00e9ni ig\u00e9nyekhez igazod\u00f3 d\u00edjaz\u00e1s ellen\u00e9ben \u2013 felm\u00e9r\u00e9seket v\u00e9geznek b\u00e1rmely objektumon, az orsz\u00e1g b\u00e1rmely pontj\u00e1n.&nbsp; Programunk keret\u00e9ben a k\u00f6vetkez\u0151 szolg\u00e1ltat\u00e1sokat ny\u00fajtjuk A munk\u00e1k elv\u00e9gz\u00e9s\u00e9re l\u00e9trehoztunk egy team-et, mely \u00e9p\u00edt\u00e9szekb\u0151l \u00e9s rehabilit\u00e1ci\u00f3s szakm\u00e9rn\u00f6k\u00f6kb\u0151l \u00e1ll. Tapasztalatainkra alapul\u00f3 hat\u00e9kony m\u00f3dszerrel vizsg\u00e1ljuk az adott objektumot a mozg\u00e1s-, l\u00e1t\u00e1s-, \u00e9rtelmi-, hall\u00e1ss\u00e9r\u00fcltek szempontj\u00e1b\u00f3l. Felt\u00e9rk\u00e9pezi \u00e9s dokument\u00e1lja az objektum [&hellip;]<\/p>\n","protected":false},"author":1,"featured_media":0,"parent":0,"menu_order":0,"comment_status":"closed","ping_status":"closed","template":"","meta":{"footnotes":""},"class_list":["post-39","page","type-page","status-publish","hentry"],"_links":{"self":[{"href":"https:\/\/motivacio.hu\/wordpress_G\/wp-json\/wp\/v2\/pages\/39","targetHints":{"allow":["GET"]}}],"collection":[{"href":"https:\/\/motivacio.hu\/wordpress_G\/wp-json\/wp\/v2\/pages"}],"about":[{"href":"https:\/\/motivacio.hu\/wordpress_G\/wp-json\/wp\/v2\/types\/page"}],"author":[{"embeddable":true,"href":"https:\/\/motivacio.hu\/wordpress_G\/wp-json\/wp\/v2\/users\/1"}],"replies":[{"embeddable":true,"href":"https:\/\/motivacio.hu\/wordpress_G\/wp-json\/wp\/v2\/comments?post=39"}],"version-history":[{"count":0,"href":"https:\/\/motivacio.hu\/wordpress_G\/wp-json\/wp\/v2\/pages\/39\/revisions"}],"wp:attachment":[{"href":"https:\/\/motivacio.hu\/wordpress_G\/wp-json\/wp\/v2\/media?parent=39"}],"curies":[{"name":"wp","href":"https:\/\/api.w.org\/{rel}","templated":true}]}}

A szolgáltatás igénybevételének feltételei

<p><strong>Szakértő kollégáink</strong> – az egyéni igényekhez <strong>igazodó díjazás</strong> ellenében – felméréseket végeznek <strong>bármely objektumon</strong>, az ország bármely pontján.&nbsp;</p>



<p><strong>Programunk keretében a következő szolgáltatásokat nyújtjuk</strong></p>



<ul class="wp-block-list"><li>A munkák elvégzésére létrehoztunk egy team-et, mely építészekből és rehabilitációs szakmérnökökből áll.</li><li>Tapasztalatainkra alapuló hatékony módszerrel <strong>vizsgáljuk az adott objektumot a mozgás-, látás-, értelmi-, hallássérültek szempontjából</strong>.</li><li>Feltérképezi és dokumentálja az objektum és környezete megközelíthetőségét.</li><li>Az adottságok és a szükségletek figyelembevételével javaslatot tesz az építészeti megoldásokra.</li><li>A felmérésről, a tapasztalatokról és a javaslatokról átfogó tanulmányt készít.</li><li>Megvalósítás tervezhetősége érdekében költségbecslést és terveket is készít.</li></ul>



<p><strong>Mit vizsgálunk a felméréskor?</strong></p>



<ul class="wp-block-list"><li>Az épület külső megközelítése.</li><li>Bejutás az épületbe.</li><li>Az épületen belüli vízszintes és függőleges akadálytalan haladás.</li><li>A különböző helységek használhatósága.</li><li>A berendezési tárgyak használata.</li><li>A kommunikáció akadálytalansága (látás- és hallássérültek eligazodása).</li></ul>



<p>A szolgáltatás megrendelése e-mailben, vagy telefonon a +36(1) 317-44-17 számon a 28-as melléken</p>

<p>Szakértő kollégáink – az egyéni igényekhez igazodó díjazás ellenében – felméréseket végeznek bármely objektumon, az ország bármely pontján.&nbsp; Programunk keretében a következő szolgáltatásokat nyújtjuk A munkák elvégzésére létrehoztunk egy team-et, mely építészekből és rehabilitációs szakmérnökökből áll. Tapasztalatainkra alapuló hatékony módszerrel vizsgáljuk az adott objektumot a mozgás-, látás-, értelmi-, hallássérültek szempontjából. Feltérképezi és dokumentálja az objektum [&hellip;]</p>
